e prime factors of (-5 + 123/12)*(10 + 362).
3, 7, 31
Suppose 5*k + 165 - 15 = 0. Let x = k + 2. List the prime factors of (-7)/21 - x/3.
3
Let c = -126 - -133. Suppose 301 - c = 7*x. List the prime factors of x.
2, 3, 7
Let y = 803 - 305. What are the prime factors of y?
2, 3, 83
Let k(n) = 4*n**2 + 12*n - 17. Let v(z) = 6*z**2 + 18*z - 25. Let g(h) = 7*k(h) - 5*v(h). Let y be g(-5). Let p = 5 - y. What are the prime factors of p?
19
What are the prime factors of -12 - 46459/(-14) - (-9)/(-6)?
5, 661
Let k be 64/6 + ((-98)/21)/7. Suppose o + 5*l - 49 + 8 = 0, 0 = 2*l + k. What are the prime factors of o?
2, 3, 11
Suppose -j + 8 = -3*j. Let g(x) = -x**2 - 3*x + 3. Let s be g(j). Let z(b) = 20*b**2 - 2*b - 1. What are the prime factors of z(s)?
3, 7
Suppose -f - 208 = -g + 506, -5*f + 3580 = 5*g. What are the prime factors of g?
5, 11, 13
Let d(s) be the third derivative of -s**6/120 - s**5/5 + 3*s**4/8 + s**3/6 + s**2. Suppose -9 = -h - 22. List the prime factors of d(h).
53
Suppose 4*g - 3*b = 2632, 29*b + 2003 = 3*g + 34*b. List the prime factors of g.
661
Let s(d) = -474*d + 34. What are the prime factors of s(-1)?
2, 127
Suppose 951 = -18*x + 2859. Let g = 67 + -112. Let m = x + g. List the prime factors of m.
61
Let f = -6 + 10. Let g(c) = c**2 + 15*c - 1. Let x(l) = l + 1. Let d(m) = g(m) - 5*x(m). List the prime factors of d(f).
2, 5
Let z(j) = -43*j - 146. List the prime factors of z(-9).
241
Let v(z) = z**3 - 4*z**2 - 3*z - 4. Let f = -5 + 10. Let n be v(f). Suppose -4*y + n*y = 32. What are the prime factors of y?
2
Suppose -w + 414 = -1789. What are the prime factors of w?
2203
Suppose -4*f - 5*m + 32 = 0, 0 = f - 0*f - m - 8. Let p be (-6)/(((-6)/f)/(-1)). What are the prime factors of ((-18)/p)/((-7)/(-84))?
3
Let k = 13 + -12. Let p be -6*k*3/(-9). Suppose -p*m + 5*d = -43, -3*d = 4*m + 30 - 77. What are the prime factors of m?
2, 7
Suppose -10*i + 18990 = 8*i. What are the prime factors of i?
5, 211
List the prime factors of -3 + (-125)/(-40) + 26593/56.
5, 19
Let d be ((-2)/(-5))/((-2)/(-100)). Let u be 0 - ((-18)/(-2) - (-14 + 11)). Let j = u + d. List the prime factors of j.
2
Suppose 57 = 5*a + 12. Suppose 5*q = -232 - 113. List the prime factors of -1*3/(a/q).
23
Suppose m + 6*x = x + 13, -5*m + 3*x + 9 = 0. Suppose 20 = -m*s - s. What are the prime factors of (-31)/s + 5/(-25)?
2, 3
Suppose -18*i + 27249 = -27759. List the prime factors of i.
2, 191
Suppose 0 = 4*s + 4*o - 40, -10 = -s - 2*o + 6*o. Suppose -15*z = -s*z - 275. What are the prime factors of z?
5, 11
Suppose -8*s + 8 = -0*s. Suppose 0*o + o = 3*p - 16, 3*p = -3*o. What are the prime factors of (1 - (p + s))*-4?
2
Let s be (72/3)/(-3) - 0. Let g be 44*(-1)/(-2)*-1. Let p = s - g. List the prime factors of p.
2, 7
Suppose 4*j - f = 925, 4*j + 368 = -3*f + 1305. Suppose 4*h + 3*l - 167 = 0, j = 6*h - h - 4*l. List the prime factors of h.
2, 11
Suppose -3*v - 25 = -8*v. Suppose -a = 0, 4*x - x + v*a = 6. List the prime factors of x.
2
Suppose 5*v - 3574 = 6811. List the prime factors of v.
31, 67
Suppose 6*r - 4*r = 6. Suppose -132 = r*j - j. What are the prime factors of -2 - (5 + -4) - j?
3, 7
Let t(i) = 11 - i**2 - 10 + 17*i + 14 + 8. What are the prime factors of t(17)?
23
Let l = 78 + 172. Suppose -3*k - b + 3*b + l = 0, b = -k + 85. What are the prime factors of k?
2, 3, 7
Let l be 2/10 + (-63)/(-35). Let k(f) = -3*f**2 + f. Let v(c) = c**2. Let x(t) = -k(t) - 2*v(t). List the prime factors of x(l).
2
Let k(y) = 14*y + 2. Let o be k(-1). Let x(d) = -d**2 - 13*d - 6. List the prime factors of x(o).
2, 3
Let r(b) = 5*b - 5. Let x be r(-5). Let i = 33 + x. List the prime factors of i.
3
Suppose 3*m - 6 = 0, 4*k + 3*m - 27 = k. Suppose 3*q + 28 = k*q. List the prime factors of q/((-3)/(-3)) - -3.
2, 5
Let l be (-238)/(-26) + (-4)/26. Let p = -9 + l. Suppose -3*n + 4*n - 9 = p. What are the prime factors of n?
3
Suppose -a = l - 77 - 40, 2*a + 246 = 2*l. Suppose -3*s + 8*s = 355. Let n = l - s. What are the prime factors of n?
7
Suppose i - 5*i = 0, 0 = 2*d + i - 140. Let w = d - 30. List the prime factors of w.
2, 5
Let n = 741 + -75. What are the prime factors of n?
2, 3, 37
Let r(f) = -f**3 - 5*f**2 + 4*f - 4. Let y be -1 + -7 + -1 + 3. Let l be r(y). List the prime factors of (l/4)/(-2)*-41.
41
Let d be -1 + (-51 + 4)*-1. Suppose -r + 0*r + 5*m + d = 0, 15 = -5*m. What are the prime factors of r?
31
Let n be (-8)/6*(-21)/14. Suppose 0*u + 5*a - 144 = -n*u, 2*a = 0. Suppose -2*o = -5*v + u, 0 = -3*o + 7 + 5. What are the prime factors of v?
2
Suppose -3*y + 67 - 22 = 0. List the prime factors of 6/y + 3978/30.
7, 19
Let u(d) = 2*d + 6. Let t = 2 - 6. Let n be u(t). Let o(l) = 8*l**2 - l - 2. What are the prime factors of o(n)?
2
Let r(o) = -o**3 + 4*o**2 + 17*o + 30. List the prime factors of r(-8).
2, 331
Suppose -5 = -2*l + 1. Suppose 0 = -r + 1 - l. What are the prime factors of 4*((-2)/(-4) - r)?
2, 5
Suppose -2*p - 4 = 3*f - 109, p - 65 = -4*f. Let t be ((-7)/((-21)/30))/2. Suppose -n - 8 = 2*d - 28, -t*n + d + p = 0. List the prime factors of n.
2, 5
Suppose z + 2*w = 4*w + 1518, 0 = -5*w - 10. What are the prime factors of z?
2, 757
Let c(i) = i**3 + 15*i**2 + 31*i - 18. Let s be c(-14). Let d = -106 - s. What are the prime factors of d?
2, 3, 5
Suppose 0 = -5*i + 2*m + 4121, i + 3*m = 5*m + 829. What are the prime factors of i?
823
Let z be 909/6*(-12)/(-6). Let d = -154 + z. What are the prime factors of d?
149
Suppose 4*p + 4*f = -104, 4*p = -0*f - f - 95. Let s = 7 + 27. Let l = s - p. What are the prime factors of l?
3, 19
Let m(s) = 6*s + 4. Let c be m(4). Suppose -3*j = -c + 4. List the prime factors of j.
2
Let d(z) = z**3 + 5*z**2 - 9*z - 20. Let k(j) = j - 1. Let n(m) = -d(m) + 6*k(m). List the prime factors of n(-9).
7, 29
Let c be 3/2 + 71/2. Let r = -109 - -115. Suppose r*h = c + 41. List the prime factors of h.
13
Suppose 0*j = -3*j. Let c(t) = -2*t + 8. Let s be c(j). Suppose s*b - 3*b - 80 = 0. List the prime factors of b.
2
Let q = 1581 - 822. List the prime factors of q.
3, 11, 23
Let y = 687 + -54. What are the prime factors of y?
3, 211
Let u(y) = -y**3 - 11*y**2 + 4*y - 9. Let l be u(-11). Let j be 1 + 0 - (-18 + l). Suppose -2*q + 3*h = -64, -5*h = -2*q - 0*h + j. List the prime factors of q.
2, 13
Let x be (2/(-4))/(11/(-528)). Suppose -k + x = -1. What are the prime factors of k?
5
Suppose 2*i - 45 = -i. Let l = i + -3. Let b(u) = -u**3 + 12*u**2 + 2*u + 8. List the prime factors of b(l).
2
What are the prime factors of 10944/34 + 38/323?
2, 7, 23
Suppose -2*b = -4*b - 4. Let f be 1*(-1)/(b/42). Suppose 4*x + 1 = f. List the prime factors of x.
5
Let q = -3425 - -7402. List the prime factors of q.
41, 97
Suppose 44*h - 29876 = 45892. What are the prime factors of h?
2, 3, 7, 41
Let m(g) = -2*g - 2. Let a be m(10). Let b = 35 + a. What are the prime factors of -3 + 1 + 0 + b?
11
What are the prime factors of 3/9*(-1)/(-2)*12?
2
Let a be ((-12)/9)/(-4)*(8276 - -1). Suppose 14*y - 2029 = a. List the prime factors of y.
2, 3, 19
List the prime factors of (-15 + 27 - 10)*2122/2.
2, 1061
Let c = 77 + -145. Let b = 213 + c. What are the prime factors of b?
5, 29
Let u(j) = j + 21. Let p be u(-18). Suppose -4*y - 6*s + p*s + 955 = 0, 6 = -2*s. What are the prime factors of y?
241
Let r(k) = -5*k**3 - 10*k**2 + 25*k + 32. What are the prime factors of r(-10)?
2, 31, 61
Let r = -111 - -114. Suppose -r*v = -2*v - 130. What are the prime factors of v?
2, 5, 13
What are the prime factors of -22*(7 + 714/(-12))?
3, 5, 7, 11
List the prime factors of (-6)/(-15)*5 + 72.
2, 37
Suppose 10*g - 98 = 3*g. Suppose -u + 3*c = -22, 5*u + g = 3*c + 100. Let z(i) = 2*i - 12. List the prime factors of z(u).
2, 5
Let k be (0/(6/(-2)))/(-2). Suppose -4*o + k*o - 4*n + 272 = 0, 0 = 5*o + n - 344. What are the prime factors of o?
3, 23
Let h = 132 + -75. Let k = -13 + h. List the prime factors of k.
2, 11
Let s be (-1466)/(-2) - (3 + -2 + 2). Suppose -5*d + s = 3*y, -3*d + 2*d + 146 = 3*y. What are the prime factors of d?
2, 73
Let o be 3/6 - 3/(-2). Suppose -3*l + 2*l + 3*q = -20, 3*l = -2*q + 16. Suppose b + o = l. What are the prime factors of b?
2, 3
Suppose -9*a + 5*a + 48 = 2*w, 12 = -4*a. Suppose 4*u = -j + 5*j, -5*u - 2*j = -28. Suppose -u*o - 11